{"id":170,"date":"2011-11-16T10:45:04","date_gmt":"2011-11-16T09:45:04","guid":{"rendered":"http:\/\/sven-ove.nu\/?page_id=170"},"modified":"2023-09-24T08:44:31","modified_gmt":"2023-09-24T07:44:31","slug":"om-mig","status":"publish","type":"page","link":"https:\/\/sven-ove.nu\/?page_id=170","title":{"rendered":"Om mig"},"content":{"rendered":"<p><em><strong>MENY: <\/strong><span style=\"color: #0000ff;\"><a style=\"color: #0000ff;\" href=\"https:\/\/sven-ove.nu\/?page_id=173\">Livet<\/a>\u00a0<strong>|\u00a0<\/strong><a style=\"color: #0000ff;\" href=\"https:\/\/sven-ove.nu\/?page_id=176\">Jobb<\/a>\u00a0<strong>|\u00a0<\/strong><a style=\"color: #0000ff;\" href=\"https:\/\/sven-ove.nu\/?page_id=8058\">37<\/a>\u00a0<strong>| <\/strong><a style=\"color: #0000ff;\" href=\"https:\/\/sven-ove.nu\/?page_id=21232\">Humor som h\u00e4lsokur<\/a>\u00a0<strong>| <\/strong><a style=\"color: #0000ff;\" href=\"https:\/\/sven-ove.nu\/?page_id=7173\">Kom ih\u00e5g-lappar f\u00f6r mitt liv<\/a>\u00a0<strong>| <\/strong><a style=\"color: #0000ff;\" href=\"https:\/\/sven-ove.nu\/?page_id=15908\">Firman<\/a>\u00a0<strong>|<\/strong><strong>\u00a0<\/strong><a style=\"color: #0000ff;\" href=\"https:\/\/sven-ove.nu\/?page_id=106\">Kontakt<\/a>\u00a0<strong>| &#8221;<\/strong><\/span><span style=\"color: #0000ff;\"><a style=\"color: #0000ff;\" href=\"#ankare1\">Svenssons sl\u00e4ng&#8221;?<\/a><\/span><\/em><\/p>\n<p>P\u00e5 1960-talet lades det ner 25 sm\u00e5jordbruk per dygn i Sverige. Ett av dem var v\u00e5rt, fast pappa ville forts\u00e4tta. Det ville inte banken och Lantbruksn\u00e4mnden. Samtidigt f\u00f6rs\u00f6kte stormakten USA bomba det fattiga bondelandet Vietnam till underkastelse. Vietnam vann, Amerikas president fick avg\u00e5 och sj\u00e4lv tr\u00e4ffade jag en 14-\u00e5rig flicka fr\u00e5n Molkom som jag delat liv med sedan dess. \u00a0Vi ska skratta minst tre g\u00e5nger om dagen tillsammans har vi best\u00e4mt, det \u00e4r en del av metoden.<\/p>\n<p>D\u00e4r har du n\u00e5gra h\u00e4ndelser som pr\u00e4glat mig. Idrottsklubben vi bildade som barn betydde mycket, gl\u00f6m inte den. D\u00e5, n\u00e4r glesbygden var en aning mindre gles.<\/p>\n<p>Under tiden blev jag bonddr\u00e4ng, s\u00e5gverksarbetare, journalist, f\u00f6rfattare, skrivkursledare, SOS-operat\u00f6r, underh\u00e5llare fr\u00e5n scen och i radio och tv (fast jag inte tordes), kr\u00f6nik\u00f6r i alla m\u00f6jliga medier, informat\u00f6r \u00e5t stat och kommun samt korvgrillare, milj\u00f6v\u00e4n, motion\u00e4r, pappa och morfar.<\/p>\n<p>V\u00e4rlden vill jag fortfarande f\u00f6r\u00e4ndra.<\/p>\n<p style=\"padding-left: 30px;\"><em>Herren tar, Herren ger. S\u00e5ga tre stockar och f\u00e5 l\u00f6n f\u00f6r tv\u00e5. Trean \u00e4r\u00a0<\/em><em>redan ett torn mot b\u00f6rsens h\u00f6jder i s\u00e5gpatroners rike.<\/em><\/p>\n<p style=\"padding-left: 30px;\"><em>Aktiestocken.<\/em><\/p>\n<p style=\"padding-left: 30px;\"><em><a name=\"ankare1\"><\/a>(Ur min kortprosasamling Leendet i vedl\u00e5dan, Bonniers, 1980).<\/em><\/p>\n<h3><\/h3>\n<h3>Svenssons sl\u00e4ng<\/h3>\n<p>Bloggen har f\u00e5tt sitt namn efter\u00a0mina forna kr\u00f6nikor i P4 Radio V\u00e4rmland. Sj\u00e4lv heter jag Sven-Ove och \u00e4r fortfarande f\u00f6rtjust i kornknarr, nattsk\u00e4rra och ordet solidaritet. Att webbplatsen f\u00e5tt bes\u00f6k fr\u00e5n 114 l\u00e4nder p\u00e5 fem kontinenter f\u00f6rundrar mig. Alla \u00e4r inte robotar.<\/p>\n<p>Oj. Nu \u00e4r det <span style=\"color: #999999;\"><del>116<\/del><\/span>\u00a0<span style=\"color: #808080;\"><del>122<\/del> <del>136<\/del><\/span>\u00a0<span style=\"color: #999999;\"><del>137<\/del><\/span><del>\u00a0<span style=\"color: #999999;\"><del>141 144<\/del><\/span><\/del>\u00a0<span style=\"color: #999999;\"><del>163<\/del><\/span>\u00a0<span style=\"color: #ff0000;\">173<\/span>.<\/p>\n<p>Jag tar inte emot annonser.\u00a0Min blogg f\u00f6rs\u00f6ker vara oberoende, p\u00e5st\u00e5r jag n\u00e5got s\u00e5 \u00e4r det f\u00f6r att jag tycker s\u00e5.\u00a0Tjohoo!<\/p>\n","protected":false},"excerpt":{"rendered":"<p>MENY: Livet\u00a0|\u00a0Jobb\u00a0|\u00a037\u00a0| Humor som h\u00e4lsokur\u00a0| Kom ih\u00e5g-lappar f\u00f6r mitt liv\u00a0| Firman\u00a0|\u00a0Kontakt\u00a0| &#8221;Svenssons sl\u00e4ng&#8221;? P\u00e5 1960-talet lades det ner 25 sm\u00e5jordbruk per dygn i Sverige. Ett av dem var v\u00e5rt, fast pappa ville forts\u00e4tta. Det ville inte banken och Lantbruksn\u00e4mnden. Samtidigt f\u00f6rs\u00f6kte stormakten USA bomba det fattiga bondelandet Vietnam till underkastelse. Vietnam vann, Amerikas president fick &hellip; <a href=\"https:\/\/sven-ove.nu\/?page_id=170\" class=\"more-link\">Forts\u00e4tt l\u00e4sa <span class=\"screen-reader-text\">Om mig<\/span><\/a><\/p>\n","protected":false},"author":1,"featured_media":0,"parent":0,"menu_order":0,"comment_status":"closed","ping_status":"closed","template":"","meta":{"_crdt_document":"","_monsterinsights_skip_tracking":false,"_monsterinsights_sitenote_active":false,"_monsterinsights_sitenote_note":"","_monsterinsights_sitenote_category":0,"footnotes":""},"class_list":["post-170","page","type-page","status-publish","hentry"],"_links":{"self":[{"href":"https:\/\/sven-ove.nu\/index.php?rest_route=\/wp\/v2\/pages\/170","targetHints":{"allow":["GET"]}}],"collection":[{"href":"https:\/\/sven-ove.nu\/index.php?rest_route=\/wp\/v2\/pages"}],"about":[{"href":"https:\/\/sven-ove.nu\/index.php?rest_route=\/wp\/v2\/types\/page"}],"author":[{"embeddable":true,"href":"https:\/\/sven-ove.nu\/index.php?rest_route=\/wp\/v2\/users\/1"}],"replies":[{"embeddable":true,"href":"https:\/\/sven-ove.nu\/index.php?rest_route=%2Fwp%2Fv2%2Fcomments&post=170"}],"version-history":[{"count":92,"href":"https:\/\/sven-ove.nu\/index.php?rest_route=\/wp\/v2\/pages\/170\/revisions"}],"predecessor-version":[{"id":25958,"href":"https:\/\/sven-ove.nu\/index.php?rest_route=\/wp\/v2\/pages\/170\/revisions\/25958"}],"wp:attachment":[{"href":"https:\/\/sven-ove.nu\/index.php?rest_route=%2Fwp%2Fv2%2Fmedia&parent=170"}],"curies":[{"name":"wp","href":"https:\/\/api.w.org\/{rel}","templated":true}]}}