{"id":17596,"date":"2017-04-16T10:41:59","date_gmt":"2017-04-16T09:41:59","guid":{"rendered":"http:\/\/sven-ove.nu\/?page_id=17596"},"modified":"2017-04-18T10:28:17","modified_gmt":"2017-04-18T09:28:17","slug":"loparlardom-nr-149","status":"publish","type":"page","link":"https:\/\/sven-ove.nu\/?page_id=17596","title":{"rendered":"L\u00f6parl\u00e4rdom nr 149"},"content":{"rendered":"<p style=\"padding-left: 30px;\"><a href=\"https:\/\/sven-ove.nu\/?attachment_id=17238\" rel=\"attachment wp-att-17238\"><img loading=\"lazy\" decoding=\"async\" class=\"size-medium wp-image-17238 alignnone\" src=\"https:\/\/sven-ove.nu\/wp-content\/uploads\/2017\/02\/Frasig-h\u00f6stdag-300x300.jpg\" alt=\"\" width=\"300\" height=\"300\" srcset=\"https:\/\/sven-ove.nu\/wp-content\/uploads\/2017\/02\/Frasig-h\u00f6stdag-300x300.jpg 300w, https:\/\/sven-ove.nu\/wp-content\/uploads\/2017\/02\/Frasig-h\u00f6stdag-150x150.jpg 150w, https:\/\/sven-ove.nu\/wp-content\/uploads\/2017\/02\/Frasig-h\u00f6stdag.jpg 640w\" sizes=\"auto, (max-width: 300px) 100vw, 300px\" \/><\/a><\/p>\n<p><strong>L\u00f6parl\u00e4rdom nr 149: <\/strong>Du blir aldrig full\u00e4rd som l\u00f6pare.<\/p>\n<p><strong>\u00a0<\/strong>En g\u00e5ng fick jag en bl\u00e5sa som var lika l\u00e5ng som h\u00f6ger l\u00e5ngt\u00e5, bara f\u00f6r att jag l\u00e4st en bok. Den sprack. H\u00e4rom \u00e5ret h\u00f6ll jag p\u00e5 att f\u00e5 en arg tj\u00e4der i \u00f6gat.<\/p>\n<p>Jag har f\u00f6rs\u00f6kt v\u00e4lta elhus i tegel, k\u00e4nt sch\u00e4ferk\u00e4ftar runt v\u00e4nster smalben, t\u00e4vlat med t\u00e4vlingslinnet bakochfram (vilket s\u00e5g intressant ut p\u00e5 solbr\u00e4nnan efter\u00e5t), fallit handl\u00f6st bland lingon, druckit tv\u00e5lvatten fr\u00e5n v\u00e4tskeb\u00e4ltet i 30-gradig v\u00e4rme, repat glas\u00f6gon mot jordklotet och t\u00e4nkt mina djupaste tankar.<\/p>\n<p>En f\u00e5r inte ge tappt.<\/p>\n<p style=\"text-align: right;\"><em><strong>L\u00c4S MER:<br \/>\n<\/strong><span style=\"color: #0000ff;\"><a style=\"color: #0000ff;\" href=\"https:\/\/sven-ove.nu\/?page_id=102\">Meny f\u00f6r alla l\u00f6psidorna<\/a><\/span><\/em><\/p>\n","protected":false},"excerpt":{"rendered":"<p>L\u00f6parl\u00e4rdom nr 149: Du blir aldrig full\u00e4rd som l\u00f6pare. \u00a0En g\u00e5ng fick jag en bl\u00e5sa som var lika l\u00e5ng som h\u00f6ger l\u00e5ngt\u00e5, bara f\u00f6r att jag l\u00e4st en bok. Den sprack. H\u00e4rom \u00e5ret h\u00f6ll jag p\u00e5 att f\u00e5 en arg tj\u00e4der i \u00f6gat. Jag har f\u00f6rs\u00f6kt v\u00e4lta elhus i tegel, k\u00e4nt sch\u00e4ferk\u00e4ftar runt v\u00e4nster smalben, &hellip; <a href=\"https:\/\/sven-ove.nu\/?page_id=17596\" class=\"more-link\">Forts\u00e4tt l\u00e4sa <span class=\"screen-reader-text\">L\u00f6parl\u00e4rdom nr 149<\/span><\/a><\/p>\n","protected":false},"author":1,"featured_media":0,"parent":102,"menu_order":0,"comment_status":"closed","ping_status":"closed","template":"","meta":{"_crdt_document":"","_monsterinsights_skip_tracking":false,"_monsterinsights_sitenote_active":false,"_monsterinsights_sitenote_note":"","_monsterinsights_sitenote_category":0,"footnotes":""},"class_list":["post-17596","page","type-page","status-publish","hentry"],"_links":{"self":[{"href":"https:\/\/sven-ove.nu\/index.php?rest_route=\/wp\/v2\/pages\/17596","targetHints":{"allow":["GET"]}}],"collection":[{"href":"https:\/\/sven-ove.nu\/index.php?rest_route=\/wp\/v2\/pages"}],"about":[{"href":"https:\/\/sven-ove.nu\/index.php?rest_route=\/wp\/v2\/types\/page"}],"author":[{"embeddable":true,"href":"https:\/\/sven-ove.nu\/index.php?rest_route=\/wp\/v2\/users\/1"}],"replies":[{"embeddable":true,"href":"https:\/\/sven-ove.nu\/index.php?rest_route=%2Fwp%2Fv2%2Fcomments&post=17596"}],"version-history":[{"count":2,"href":"https:\/\/sven-ove.nu\/index.php?rest_route=\/wp\/v2\/pages\/17596\/revisions"}],"predecessor-version":[{"id":17676,"href":"https:\/\/sven-ove.nu\/index.php?rest_route=\/wp\/v2\/pages\/17596\/revisions\/17676"}],"up":[{"embeddable":true,"href":"https:\/\/sven-ove.nu\/index.php?rest_route=\/wp\/v2\/pages\/102"}],"wp:attachment":[{"href":"https:\/\/sven-ove.nu\/index.php?rest_route=%2Fwp%2Fv2%2Fmedia&parent=17596"}],"curies":[{"name":"wp","href":"https:\/\/api.w.org\/{rel}","templated":true}]}}