{"id":556,"date":"2011-12-15T06:48:37","date_gmt":"2011-12-15T05:48:37","guid":{"rendered":"http:\/\/sven-ove.nu\/?page_id=556"},"modified":"2018-09-25T21:32:19","modified_gmt":"2018-09-25T20:32:19","slug":"historiska-hornet","status":"publish","type":"page","link":"https:\/\/sven-ove.nu\/?page_id=556","title":{"rendered":"Historiska h\u00f6rnet"},"content":{"rendered":"<p>De h\u00e4r videofilmerna har du antagligen sett tusen g\u00e5nger. Jag ocks\u00e5. Jag ville bara samla \u201dmin\u201d Youtube-historia p\u00e5 ett st\u00e4lle. Kanske \u00e4r de en bild inte bara av mig utan \u00e4ven av tiden? Den sista \u00e4r med f\u00f6r l\u00e5ten, fr\u00e5n radioprogrammet Bandet g\u00e5r. Den l\u00e5ten \u00e4lskar inte alla under 59\u2026<\/p>\n<p><em>Flytten till landet<\/em> \u00e4r ingen video, men dock ett av de roligaste reportage jag l\u00e4st. Hejdl\u00f6s drift, \u00e4r det inte s\u00e5 det heter?<\/p>\n<p><strong>Bamse p\u00e5 Stockholm Live<\/strong><br \/>\n<a href=\"http:\/\/www.youtube.com\/watch?v=HECRXbGM7tU\">http:\/\/www.youtube.com\/watch?v=HECRXbGM7tU<\/a><\/p>\n<p><strong>Norsk helpdesk<\/strong><br \/>\n<a href=\"http:\/\/www.youtube.com\/watch?v=gPWTbR3wf9k\">http:\/\/www.youtube.com\/watch?v=gPWTbR3wf9k<\/a><\/p>\n<p><strong>\u202aFirst Time on Computer After Using Typewriter<\/strong><br \/>\n<a href=\"http:\/\/www.youtube.com\/watch?v=Kh9KbW3Ww4E&amp;feature=endscreen&amp;NR=1\">http:\/\/www.youtube.com\/watch?v=Kh9KbW3Ww4E&amp;feature=endscreen&amp;NR=1<\/a><\/p>\n<p><strong>Om Star Wars var svensk<\/strong><br \/>\n<a href=\"http:\/\/www.youtube.com\/watch?v=zM9PF9-Wtys\">http:\/\/www.youtube.com\/watch?v=zM9PF9-Wtys<\/a><\/p>\n<p><strong>Vackra Hem: Flytten till landet blev en fulltr\u00e4ff<\/strong><br \/>\n<a href=\"http:\/\/www.acc.umu.se\/~r2d2\/stories\/skona_hem\/\" target=\"_blank\" rel=\"noopener\">http:\/\/www.acc.umu.se\/~r2d2\/stories\/skona_hem\/ <\/a><\/p>\n<p>MUSIK: \u202a<strong>In kommer G\u00f6sta &#8211; Philemon Arthur and the Dung<\/strong><br \/>\n<a href=\"http:\/\/www.youtube.com\/watch?v=-d69hYZsGoo\">http:\/\/www.youtube.com\/watch?v=-d69hYZsGoo<\/a><\/p>\n<p>&nbsp;<\/p>\n<p>&nbsp;<\/p>\n<p>&nbsp;<\/p>\n","protected":false},"excerpt":{"rendered":"<p>De h\u00e4r videofilmerna har du antagligen sett tusen g\u00e5nger. Jag ocks\u00e5. Jag ville bara samla \u201dmin\u201d Youtube-historia p\u00e5 ett st\u00e4lle. Kanske \u00e4r de en bild inte bara av mig utan \u00e4ven av tiden? Den sista \u00e4r med f\u00f6r l\u00e5ten, fr\u00e5n radioprogrammet Bandet g\u00e5r. Den l\u00e5ten \u00e4lskar inte alla under 59\u2026 Flytten till landet \u00e4r ingen &hellip; <a href=\"https:\/\/sven-ove.nu\/?page_id=556\" class=\"more-link\">Forts\u00e4tt l\u00e4sa <span class=\"screen-reader-text\">Historiska h\u00f6rnet<\/span><\/a><\/p>\n","protected":false},"author":1,"featured_media":0,"parent":104,"menu_order":2,"comment_status":"closed","ping_status":"open","template":"","meta":{"_crdt_document":"","_monsterinsights_skip_tracking":false,"_monsterinsights_sitenote_active":false,"_monsterinsights_sitenote_note":"","_monsterinsights_sitenote_category":0,"footnotes":""},"class_list":["post-556","page","type-page","status-publish","hentry"],"_links":{"self":[{"href":"https:\/\/sven-ove.nu\/index.php?rest_route=\/wp\/v2\/pages\/556","targetHints":{"allow":["GET"]}}],"collection":[{"href":"https:\/\/sven-ove.nu\/index.php?rest_route=\/wp\/v2\/pages"}],"about":[{"href":"https:\/\/sven-ove.nu\/index.php?rest_route=\/wp\/v2\/types\/page"}],"author":[{"embeddable":true,"href":"https:\/\/sven-ove.nu\/index.php?rest_route=\/wp\/v2\/users\/1"}],"replies":[{"embeddable":true,"href":"https:\/\/sven-ove.nu\/index.php?rest_route=%2Fwp%2Fv2%2Fcomments&post=556"}],"version-history":[{"count":18,"href":"https:\/\/sven-ove.nu\/index.php?rest_route=\/wp\/v2\/pages\/556\/revisions"}],"predecessor-version":[{"id":19972,"href":"https:\/\/sven-ove.nu\/index.php?rest_route=\/wp\/v2\/pages\/556\/revisions\/19972"}],"up":[{"embeddable":true,"href":"https:\/\/sven-ove.nu\/index.php?rest_route=\/wp\/v2\/pages\/104"}],"wp:attachment":[{"href":"https:\/\/sven-ove.nu\/index.php?rest_route=%2Fwp%2Fv2%2Fmedia&parent=556"}],"curies":[{"name":"wp","href":"https:\/\/api.w.org\/{rel}","templated":true}]}}